e 44 = 5*q - q. List the prime factors of q.
11
Suppose -14 = -2*r + 5*j, -j - 9 = -5*r + 3. Let g(o) = -3*o**3 + 2*o - 1. Let y be g(1). What are the prime factors of (r + y)/(-3) + 9?
3
Let c = -7 - -7. What are the prime factors of 34 + c + (-12)/(-4)?
37
Let v = 15 + -11. Suppose 0 = v*j - 3*s - 51, 3*s - 21 - 9 = -5*j. List the prime factors of j.
3
Let n be 2/(2/96*3). Let l = n - 19. List the prime factors of l.
13
Suppose -c + 13 = -55. List the prime factors of c.
2, 17
Suppose 10*v - 5*v - 40 = 0. List the prime factors of 202/v - 1/4.
5
Let i be (5 - 3) + 1 - 2. What are the prime factors of 3/(i + 20/(-22))?
3, 11
Suppose -n + 18 = 5*v, 36 = -3*n + 5*n - 4*v. What are the prime factors of n?
2, 3
Let v = 103 - 37. What are the prime factors of v?
2, 3, 11
Let k be -2 - (-6 - 2/(-2)). Suppose -5*f + 7 = -k*d, f + 2*f = 15. List the prime factors of 1*3/d*10.
5
Let h(s) = -s**3 - 6*s**2 + 8. Let j = 5 - 11. Let i be h(j). Suppose -3*k + v + i = -2*k, 5*k - 48 = -3*v. List the prime factors of k.
3
Suppose -14 = -2*x + 34. Suppose -4*d = l - 82, 0*d - x = -d - 2*l. What are the prime factors of d?
2, 5
Suppose -47 = -3*i + 172. List the prime factors of i.
73
Let j be (3 + -6)*66/9. Let v = -13 - j. List the prime factors of v.
3
Let u(q) = -q**2 + 9*q + 4. Let p be u(9). Suppose -p*m - 135 = 61. What are the prime factors of 2/10 - m/5?
2, 5
Let d(n) = 2*n + 16. What are the prime factors of d(7)?
2, 3, 5
Let k(x) = x**2 - 6*x + 19. What are the prime factors of k(7)?
2, 13
Let u(v) = -4*v + 3. What are the prime factors of u(-4)?
19
Let q(j) be the first derivative of 2*j**3/3 + 5*j**2/2 - j - 2. Let x(a) = -a**2 - 4*a + 2. Let k(s) = 2*q(s) + 3*x(s). What are the prime factors of k(-3)?
19
Let j(i) = i**2 - 4*i - 2. Let x be j(6). Suppose -4*o = l, -5*l = 2*o - x*l. Suppose -5*t = -o*t - 75. What are the prime factors of t?
3, 5
Suppose 0 = -4*h - 31 + 323. What are the prime factors of h?
73
Suppose -2*i = 5*z + 2 - 32, -4*i + 30 = 5*z. Let x be 24*(3 - 22/z). What are the prime factors of 1/(2 - (-31)/x)?
2
Suppose 743 = 5*r + 4*s - s, -4*s + 588 = 4*r. List the prime factors of r.
151
Suppose -31 = -2*f - 3*z + 20, 0 = -4*f + 4*z + 72. List the prime factors of f.
3, 7
Let k = -23 - 30. Let u = k - -84. What are the prime factors of u?
31
Let w(m) = -2*m - 2. Let l be (-1)/(-2) - (-1)/(-2). Suppose -4*g - 6 = 14, l = -5*r - 5*g - 60. List the prime factors of w(r).
2, 3
Let q = 9 + -1. Suppose 4*r - 3 + 5 = -y, r - 4*y - q = 0. Suppose u + 2*u - 5*m - 2 = r, m - 2 = 0. List the prime factors of u.
2
Suppose 3*a - 8 = a. Suppose -a*h = 2*i - 20, -h - 2*h = -i - 10. List the prime factors of i.
2
Let w(d) = d**2 + 5*d - 7. Let b be w(-7). Suppose 3*f = 20 + b. What are the prime factors of f?
3
Let t(x) = 3*x - 28. Let m(n) = n - 9. Let h(o) = -7*m(o) + 2*t(o). Let s be h(5). Suppose -4*c - 36 = -s*z - 2*z, 2*c - 6 = 0. What are the prime factors of z?
2, 3
Suppose n + 30 = 4*n. List the prime factors of 3 + (3 - 2) + n.
2, 7
Let b(h) = 14*h + 27. What are the prime factors of b(6)?
3, 37
Suppose 0 = n - 0*w - 3*w - 3, -3*n + 2*w = 5. What are the prime factors of (-18)/(-15)*(-50)/n?
2, 5
Let v = 128 + -64. Suppose v = 6*j - j + 3*g, -5*j = -4*g - 43. List the prime factors of j.
11
Suppose 3*l + 3*h = 138, 140 + 6 = 3*l + h. List the prime factors of l.
2, 5
Let r(o) = o**2 + 8*o - 3. Let z be r(-9). Let j = z - 3. List the prime factors of j.
3
Suppose 0 = -12*y + 17*y - 1860. List the prime factors of y.
2, 3, 31
Suppose -1 - 4 = -5*s. Let l(f) = 8*f + 2*f**3 - f**3 - 2 - 7*f**2 + s. List the prime factors of l(6).
11
Let n(x) be the second derivative of x**3/6 + 11*x**2/2 + 3*x. Let u be n(-9). Suppose -2*v = -4 - u. What are the prime factors of v?
3
Let x(j) = -j**3 - 10*j**2 - j + 2. Let v be x(-10). What are the prime factors of (15/2)/(v/16)?
2, 5
What are the prime factors of -30*3*2/(-6)?
2, 3, 5
Suppose 17 = -3*v - 4. Let d = 1 + v. What are the prime factors of (-78)/4*4/d?
13
Let p = -9 + 3. Let d = p - -9. Suppose -2*z = t - 16, -4*z + 0*t = d*t - 34. What are the prime factors of z?
7
Suppose 4*z - 12 = 12. Let x be (z/(-10))/(7/(-35)). Suppose 5*r - 37 = -x*q, 5*q - 35 - 8 = r. List the prime factors of q.
3
Let s = 5 - -73. List the prime factors of s.
2, 3, 13
Let u = 11 - 7. Suppose -20 = u*n - 5*g, -3*n + 0*g - 8 = -2*g. Let k = 9 + n. List the prime factors of k.
3
Let l(h) = h**2 - 2*h. Suppose -7 - 15 = -2*p. Suppose 4*v - 3*s = 18, -5*v = s + s - p. What are the prime factors of l(v)?
3
Let l(f) = -f + 14. List the prime factors of l(10).
2
Suppose -2*i + 0*i - 8 = 0, -l - i = 2. Suppose -5*h - 3*m = -7*m - 40, l*h - 5*m = 16. List the prime factors of h.
2
Suppose 5*j + 4*y = 369, -328 = -11*j + 7*j + 5*y. What are the prime factors of j?
7, 11
Let j(z) = -2*z - 4. Suppose -5*d + 55 = -v - 5, 24 = 2*d + 2*v. Let t = -18 + d. List the prime factors of j(t).
2
Let v(f) = -f**3 + 4*f**2 + 2*f - 3. Let s be v(2). Suppose 2*q - s - 15 = 0. List the prime factors of q.
2, 3
Suppose -4*u = 4*i - 232, i = -2*u + 2*i + 122. Suppose 0 = 3*q - 3*h - u, 0*q + q - 2*h - 25 = 0. Let l = q - 7. What are the prime factors of l?
2
Let l = 13 - -2. Suppose -d + 2*d + 4*x + 5 = 0, x = d - l. What are the prime factors of d?
11
Let a(o) = 6*o + 4. Let n be a(7). Let k = 88 - n. List the prime factors of k/(-7)*(-1 - 0).
2, 3
Suppose -c + 56 = 4*r, 0*c = -2*c - 5*r + 100. Suppose 2*d = 12 + c. Let i = d + -16. List the prime factors of i.
2, 5
Let p(d) = d**2 - 6*d - 2. What are the prime factors of p(7)?
5
Suppose 0 = 5*m - l - 62, -3*l + 34 = 3*m - 2*l. What are the prime factors of m?
2, 3
Let s(h) = h**3 + 6*h**2 + h. Let v be s(-6). Let n be (4/v)/(1/(-6)). Suppose -5*k - 13 = w, -n*k = 3*w + 2*w - 19. List the prime factors of w.
7
Suppose 0 = 4*g + 5 + 11. Let c(l) be the first derivative of -l**4/4 - l**3 + l**2 - 5*l + 2. What are the prime factors of c(g)?
3
Suppose 0 = 3*o - 5*t - 582, -t = 5*o - 861 - 109. List the prime factors of o.
2, 97
Suppose 12 = 4*p - 0*p. Suppose 0 = -p*z + 8*z - 85. List the prime factors of z.
17
Let r = 0 + 3. Let f be ((-1)/3)/(2/6). Let v = r + f. List the prime factors of v.
2
Suppose 2*v = v - 3*w + 29, 10 = 5*w. Let b = v + -21. List the prime factors of b.
2
Let r(d) = 3*d**2 + 4. Let o be r(-5). Suppose 2*s = -0*j + 5*j - o, -2*j = -4*s - 22. List the prime factors of j.
17
List the prime factors of 16/((-16)/(-7) + -2).
2, 7
What are the prime factors of 134/2 + 6/24*0?
67
Suppose -o + 22 = -5*w, -o + w = 3*w - 8. Suppose -o = -3*l + 39. What are the prime factors of l?
17
Let n(z) be the third derivative of -z**6/120 - z**5/12 + z**4/12 + 3*z**3/2 - z**2. Let c be n(-6). Let g = c + -21. What are the prime factors of g?
2, 3
Let i(o) = 22*o**2 + 1. Let r = 5 + -4. Let v be i(r). Let c = -11 + v. List the prime factors of c.
2, 3
Suppose 26 + 90 = 2*y. List the prime factors of y.
2, 29
Let a = 49 + 28. What are the prime factors of a?
7, 11
What are the prime factors of 2912/80 + 6/10?
37
Let m = -5 + 5. Let l be (2 - m)/((-2)/30). List the prime factors of l/(-4)*(-4)/(-6).
5
Let c = 4 + -1. Suppose k = c*k. Suppose k = 2*q - 46 + 8. What are the prime factors of q?
19
Let j be (5/(-2))/(1/2). Let s = j + 7. Suppose -2*q - s*q = -3*l - 41, 2*q - l - 21 = 0. List the prime factors of q.
11
Let m(f) be the first derivative of -3*f**2/2 - f + 1. Let l be 17/(-4) - (-2 + 21/12). What are the prime factors of m(l)?
11
Suppose a - 88 = -4*k, 3*k - 6*k + 3*a + 51 = 0. What are the prime factors of k?
3, 7
Let l = 3 - 1. Suppose 0 = z + l*o + 4, 4*z - 31 - 5 = 5*o. Suppose w - 6*w + 16 = -3*d, 0 = z*d + 2*w - 22. What are the prime factors of d?
3
List the prime factors of (5 - 3)*(-11)/(-2).
11
Let g(w) = -4*w - 39. What are the prime factors of g(-22)?
7
Let c(r) = -r**3 + 3*r**2 - r + 1. Let a(i) = -9*i**3 + i**2 - i + 1. Let p be a(1). Let f be (4/p)/((-3)/12). List the prime factors of c(f).
3
Let x(q) be the third derivative of -1/2*q**3 - 2*q**2 + 1/60*q**5 + 0*q + 5/24*q**4 + 0. What are the prime factors of x(-6)?
3
List the prime factors of (-1)/3*(-6)/(-3)*-24.
2
Let i = 5 - 4. Let u be i/2*-2 - -15. Suppose 0 = -2*s + u + 2. What are the prime factors of s?
2
Suppos